{"id":3240,"date":"2019-01-22T15:05:33","date_gmt":"2019-01-22T18:05:33","guid":{"rendered":"http:\/\/climaxrosario.com\/web\/?page_id=3240"},"modified":"2020-02-06T15:15:02","modified_gmt":"2020-02-06T18:15:02","slug":"refrigeracion","status":"publish","type":"page","link":"https:\/\/climaxrosario.com\/web\/refrigeracion\/","title":{"rendered":"Refrigeraci\u00f3n"},"content":{"rendered":"<p>[vc_row tm_bgimagefixed=\u00bb\u00bb full_width=\u00bbstretch_row\u00bb][vc_column][vc_tta_tabs style=\u00bbflat\u00bb shape=\u00bbrounded\u00bb spacing=\u00bb4&#8243; active_section=\u00bb1&#8243;][vc_tta_section i_type=\u00bbmaterial\u00bb i_icon_material=\u00bbvc-material vc-material-ac_unit\u00bb add_icon=\u00bbtrue\u00bb title=\u00bbSplit\u00bb tab_id=\u00bbsplit\u00bb][vc_row_inner css=\u00bb.vc_custom_1548433305741{padding-top: 35px !important;}\u00bb][vc_column_inner width=\u00bb2\/3&#8243;]<h3 style=\"text-align:left;\" class=\"tm-custom-heading \" >Aires acondicionados tipo split<\/h3>\n[vc_column_text]Podemos usar este tipo de climatizaci\u00f3n para conseguir refrigerar o calefaccionar ambientes de diferentes dimensiones. Los sistemas split est\u00e1n formados por dos unidades, una externa y otra interna, enlazadas entre s\u00ed a trav\u00e9s de tubos de cobre. En verano, la unidad interna obtiene el calor del ambiente y lo descarga en el exterior. Mientras, el aparato que est\u00e1 en el interior, adem\u00e1s, distribuye el aire fresco y limpio en la habitaci\u00f3n, de un modo uniforme para evitar corrientes de aire. En invierno el proceso es el mismo, pero a la inversa, consiguiendo obtener el escaso calor del exterior para suministrarlo al interior del hogar. Cuando un equipo de aire acondicionado dispone de la capacidad para poder calentar el ambiente, se dice que incorpora una bomba de calor, convirti\u00e9ndose en un sistema c\u00f3modo y vers\u00e1til para solucionar las temperaturas extremas en cualquier \u00e9poca del a\u00f1o.[\/vc_column_text][\/vc_column_inner][vc_column_inner width=\u00bb1\/3&#8243;][vc_single_image image=\u00bb3283&#8243; img_size=\u00bbfull\u00bb alignment=\u00bbcenter\u00bb style=\u00bbvc_box_rounded\u00bb][\/vc_column_inner][\/vc_row_inner][vc_row_inner][vc_column_inner]<div class=\"themetechmount-boxes themetechmount-boxes-blog themetechmount-boxes-view-default themetechmount-boxes-col-three themetechmount-boxes-sortable-no themetechmount-boxes-textalign-center themetechmount-boxes-sortablebutton-\">\n\t\t<div class=\"themetechmount-boxes-inner themetechmount-boxes-blog-inner \"><\/div><!-- .themetechmount-boxes-inner -->   <\/div><!-- .themetechmount-boxes -->  [\/vc_column_inner][\/vc_row_inner][\/vc_tta_section][vc_tta_section i_type=\u00bbmaterial\u00bb i_icon_material=\u00bbvc-material vc-material-ac_unit\u00bb add_icon=\u00bbtrue\u00bb title=\u00bbPiso Techo\u00bb tab_id=\u00bbpiso-techo\u00bb][vc_row_inner css=\u00bb.vc_custom_1548433305741{padding-top: 35px !important;}\u00bb][vc_column_inner width=\u00bb2\/3&#8243;]<h3 style=\"text-align:left;\" class=\"tm-custom-heading \" >Equipos piso techo<\/h3>\n[vc_column_text]Los aires acondicionados piso y techo, son una opci\u00f3n que proporciona un funcionamiento eficaz y de alta calidad. Los equipos de aire acondicionado para piso y techo Carrier y Surrey vienen en versiones con condensadoras de descarga vertical u horizontal y una unidad interior que puede ir colgada del techo o sujetada de la pared. Estos equipos son recomendables para espacios medianos &#8211; grandes. Su instalaci\u00f3n y puesta en marcha son similares a los equipos split convencionales.[\/vc_column_text][\/vc_column_inner][vc_column_inner width=\u00bb1\/3&#8243;][vc_single_image image=\u00bb3306&#8243; img_size=\u00bbfull\u00bb alignment=\u00bbcenter\u00bb style=\u00bbvc_box_rounded\u00bb][\/vc_column_inner][\/vc_row_inner][vc_row_inner][vc_column_inner]<div class=\"themetechmount-boxes themetechmount-boxes-blog themetechmount-boxes-view-default themetechmount-boxes-col-three themetechmount-boxes-sortable-no themetechmount-boxes-textalign-center themetechmount-boxes-sortablebutton-\">\n\t\t<div class=\"themetechmount-boxes-inner themetechmount-boxes-blog-inner \"><\/div><!-- .themetechmount-boxes-inner -->   <\/div><!-- .themetechmount-boxes -->  [\/vc_column_inner][\/vc_row_inner][\/vc_tta_section][vc_tta_section i_type=\u00bbmaterial\u00bb i_icon_material=\u00bbvc-material vc-material-ac_unit\u00bb add_icon=\u00bbtrue\u00bb title=\u00bbCassette\u00bb tab_id=\u00bbcassette\u00bb][vc_row_inner css=\u00bb.vc_custom_1548433305741{padding-top: 35px !important;}\u00bb][vc_column_inner width=\u00bb2\/3&#8243;]<h3 style=\"text-align:left;\" class=\"tm-custom-heading \" >Equipos cassette<\/h3>\n[vc_column_text]Poseen una mayor capacidad de climatizaci\u00f3n y es la mejor opci\u00f3n cuando se necesita climatizar m\u00e1s de una habitaci\u00f3n o grandes espacios como oficinas, bodegas o industrias.[\/vc_column_text][\/vc_column_inner][vc_column_inner width=\u00bb1\/3&#8243;][vc_single_image image=\u00bb3307&#8243; img_size=\u00bbfull\u00bb alignment=\u00bbcenter\u00bb style=\u00bbvc_box_rounded\u00bb][\/vc_column_inner][\/vc_row_inner][vc_row_inner][vc_column_inner]<div class=\"themetechmount-boxes themetechmount-boxes-blog themetechmount-boxes-view-default themetechmount-boxes-col-three themetechmount-boxes-sortable-no themetechmount-boxes-textalign-center themetechmount-boxes-sortablebutton-\">\n\t\t<div class=\"themetechmount-boxes-inner themetechmount-boxes-blog-inner \"><\/div><!-- .themetechmount-boxes-inner -->   <\/div><!-- .themetechmount-boxes -->  [\/vc_column_inner][\/vc_row_inner][\/vc_tta_section][vc_tta_section i_type=\u00bbmaterial\u00bb i_icon_material=\u00bbvc-material vc-material-ac_unit\u00bb add_icon=\u00bbtrue\u00bb title=\u00bbBaja silueta\u00bb tab_id=\u00bbbaja-silueta\u00bb][vc_row_inner css=\u00bb.vc_custom_1548433305741{padding-top: 35px !important;}\u00bb][vc_column_inner width=\u00bb2\/3&#8243;]<h3 style=\"text-align:left;\" class=\"tm-custom-heading \" >Sistemas baja silueta<\/h3>\n[vc_column_text]Este tipo de sistemas, permite su instalaci\u00f3n en espacios reducidos, por su altura menor a 30 cm. (ideal para instalar entre el techo y el cielorraso). Climatizaci\u00f3n central por conductos, para climatizar tu ambiente sin causar impacto est\u00e9tico. Altos niveles de renovaci\u00f3n de aire. Ventilador de alta capacidad y bajo ruido.[\/vc_column_text][\/vc_column_inner][vc_column_inner width=\u00bb1\/3&#8243;][vc_single_image image=\u00bb3309&#8243; img_size=\u00bbfull\u00bb alignment=\u00bbcenter\u00bb style=\u00bbvc_box_rounded\u00bb][\/vc_column_inner][\/vc_row_inner][vc_row_inner][vc_column_inner]<div class=\"themetechmount-boxes themetechmount-boxes-blog themetechmount-boxes-view-default themetechmount-boxes-col-three themetechmount-boxes-sortable-no themetechmount-boxes-textalign-center themetechmount-boxes-sortablebutton-\">\n\t\t<div class=\"themetechmount-boxes-inner themetechmount-boxes-blog-inner \"><\/div><!-- .themetechmount-boxes-inner -->   <\/div><!-- .themetechmount-boxes -->  [\/vc_column_inner][\/vc_row_inner][\/vc_tta_section][vc_tta_section i_type=\u00bbmaterial\u00bb i_icon_material=\u00bbvc-material vc-material-ac_unit\u00bb add_icon=\u00bbtrue\u00bb title=\u00bbRooftop\u00bb tab_id=\u00bbrooftop\u00bb][vc_row_inner css=\u00bb.vc_custom_1548433305741{padding-top: 35px !important;}\u00bb][vc_column_inner width=\u00bb2\/3&#8243;]<h3 style=\"text-align:left;\" class=\"tm-custom-heading \" >Equipos rooftop<\/h3>\n[vc_column_text]Equipos Roof-Top, o simplemente denominados de conductos, son unidades compactas de alta capacidad ubicadas sobre las estructuras a refrigerar, cuyo aire es distribuido por una red de conductos e impulsado a trav\u00e9s de rejillas y\/o difusores. Es recomendable utilizar este tipo de sistemas en ambientes grandes.[\/vc_column_text][\/vc_column_inner][vc_column_inner width=\u00bb1\/3&#8243;][vc_single_image image=\u00bb3308&#8243; img_size=\u00bbfull\u00bb alignment=\u00bbcenter\u00bb style=\u00bbvc_box_rounded\u00bb][\/vc_column_inner][\/vc_row_inner][vc_row_inner][vc_column_inner]<div class=\"themetechmount-boxes themetechmount-boxes-blog themetechmount-boxes-view-default themetechmount-boxes-col-three themetechmount-boxes-sortable-no themetechmount-boxes-textalign-center themetechmount-boxes-sortablebutton-\">\n\t\t<div class=\"themetechmount-boxes-inner themetechmount-boxes-blog-inner \"><\/div><!-- .themetechmount-boxes-inner -->   <\/div><!-- .themetechmount-boxes -->  [\/vc_column_inner][\/vc_row_inner][\/vc_tta_section][vc_tta_section i_type=\u00bbmaterial\u00bb i_icon_material=\u00bbvc-material vc-material-ac_unit\u00bb add_icon=\u00bbtrue\u00bb title=\u00bbVRV \/ VRF\u00bb tab_id=\u00bbVRV-VRF\u00bb][vc_row_inner css=\u00bb.vc_custom_1548433305741{padding-top: 35px !important;}\u00bb][vc_column_inner width=\u00bb2\/3&#8243;]<h3 style=\"text-align:left;\" class=\"tm-custom-heading \" >Sistema VRV \/ VRF<\/h3>\n[vc_column_text]Es sistema VRV, es el mejor sistema desarrollado hasta la fecha para la realizaci\u00f3n de una instalaci\u00f3n de climatizaci\u00f3n en grandes espacios. Se trata de la producci\u00f3n de refrigeraci\u00f3n en una central, desde donde se env\u00eda, refrigerante para ser expansionado en cada unidad terminal con independencia y autonom\u00eda por cada una de ellas. El flujo del refrigerante que ha de pasar desde la central hasta cada una de las unidades terminales es Variable dependiendo de la demanda de todos o cada uno de los terminales. VRV significa Volumen de Refrigerante Variable, por los conceptos explicados.[\/vc_column_text][\/vc_column_inner][vc_column_inner width=\u00bb1\/3&#8243;][vc_single_image image=\u00bb3310&#8243; img_size=\u00bbfull\u00bb alignment=\u00bbcenter\u00bb style=\u00bbvc_box_rounded\u00bb][\/vc_column_inner][\/vc_row_inner][vc_row_inner][vc_column_inner]<div class=\"themetechmount-boxes themetechmount-boxes-blog themetechmount-boxes-view-default themetechmount-boxes-col-three themetechmount-boxes-sortable-no themetechmount-boxes-textalign-center themetechmount-boxes-sortablebutton-\">\n\t\t<div class=\"themetechmount-boxes-inner themetechmount-boxes-blog-inner \"><\/div><!-- .themetechmount-boxes-inner -->   <\/div><!-- .themetechmount-boxes -->  [\/vc_column_inner][\/vc_row_inner][\/vc_tta_section][\/vc_tta_tabs][\/vc_column][\/vc_row]<\/p>\n","protected":false},"excerpt":{"rendered":"<p>[vc_row tm_bgimagefixed=\u00bb\u00bb full_width=\u00bbstretch_row\u00bb][vc_column][vc_tta_tabs style=\u00bbflat\u00bb shape=\u00bbrounded\u00bb spacing=\u00bb4&#8243; active_section=\u00bb1&#8243;][vc_tta_section i_type=\u00bbmaterial\u00bb i_icon_material=\u00bbvc-material vc-material-ac_unit\u00bb add_icon=\u00bbtrue\u00bb title=\u00bbSplit\u00bb tab_id=\u00bbsplit\u00bb][vc_row_inner css=\u00bb.vc_custom_1548433305741{padding-top: 35px !important;}\u00bb][vc_column_inner width=\u00bb2\/3&#8243;][vc_column_text]Podemos usar este tipo de climatizaci\u00f3n para conseguir refrigerar o calefaccionar ambientes de diferentes dimensiones. Los sistemas split est\u00e1n formados por dos unidades, una externa y otra interna, enlazadas entre s\u00ed a trav\u00e9s de tubos de cobre. En verano, &hellip; <a href=\"https:\/\/climaxrosario.com\/web\/refrigeracion\/\" class=\"more-link\">Continue reading <span class=\"screen-reader-text\">Refrigeraci\u00f3n<\/span><\/a><\/p>\n","protected":false},"author":3,"featured_media":0,"parent":0,"menu_order":0,"comment_status":"closed","ping_status":"closed","template":"","meta":{"footnotes":""},"class_list":["post-3240","page","type-page","status-publish","hentry"],"_links":{"self":[{"href":"https:\/\/climaxrosario.com\/web\/wp-json\/wp\/v2\/pages\/3240","targetHints":{"allow":["GET"]}}],"collection":[{"href":"https:\/\/climaxrosario.com\/web\/wp-json\/wp\/v2\/pages"}],"about":[{"href":"https:\/\/climaxrosario.com\/web\/wp-json\/wp\/v2\/types\/page"}],"author":[{"embeddable":true,"href":"https:\/\/climaxrosario.com\/web\/wp-json\/wp\/v2\/users\/3"}],"replies":[{"embeddable":true,"href":"https:\/\/climaxrosario.com\/web\/wp-json\/wp\/v2\/comments?post=3240"}],"version-history":[{"count":19,"href":"https:\/\/climaxrosario.com\/web\/wp-json\/wp\/v2\/pages\/3240\/revisions"}],"predecessor-version":[{"id":3366,"href":"https:\/\/climaxrosario.com\/web\/wp-json\/wp\/v2\/pages\/3240\/revisions\/3366"}],"wp:attachment":[{"href":"https:\/\/climaxrosario.com\/web\/wp-json\/wp\/v2\/media?parent=3240"}],"curies":[{"name":"wp","href":"https:\/\/api.w.org\/{rel}","templated":true}]}}